{"id":160,"date":"2016-05-28T20:50:00","date_gmt":"2016-05-28T20:50:00","guid":{"rendered":"http:\/\/strongholdthemes.com\/techlife\/?page_id=160"},"modified":"2021-01-22T00:02:04","modified_gmt":"2021-01-22T00:02:04","slug":"home","status":"publish","type":"page","link":"https:\/\/www.smelektronik.com.ec\/www\/","title":{"rendered":"Home"},"content":{"rendered":"<p>[vc_row][vc_column][rev_slider_vc alias=\u00bbhome\u00bb][vc_empty_space height=\u00bb40px\u00bb]<div class=\"stronghold-heading\"><h4 style=\" font-size:28px; text-align: center;\">Nuestros Valores<\/h4><span class=\"heading-subtitle\" style=\"margin-bottom: 10px;; display:block;  text-align: center;\">La base de nuestra empresa se representa en estos valores<\/span><span style=\" margin: 0 auto;background:#f9b21a;\" class=\"heading-separator\"><\/span><\/div>[\/vc_column][\/vc_row][vc_row css=\u00bb.vc_custom_1557677028441{padding-top: 70px !important;padding-bottom: 10px !important;}\u00bb][vc_column width=\u00bb1\/2&#8243; css=\u00bb.vc_custom_1557676261668{margin-bottom: 30px !important;}\u00bb offset=\u00bbvc_col-lg-3&#8243;]<div class=\"stronghold-info-icon-wrapper\"><div class=\"stronghold-info-icon\"><i class=\"icon ion-lock-combination\" style=\"font-size:50px; color:#f9b21a;\"><\/i><\/div><div class=\"stronghold-info-icon-content\" style=\"padding-top: 15px;\"><div class=\"stronghold-info-icon-title\"><h4 style=\"font-size:18px;\">Confidencialidad<\/h4><\/div><div class=\"stronghold-info-icon-desc\" style=\"text-align: center;\"><div style=\"\">Brindamos la soluci\u00f3n a la necesidad de los clientes con la confidencialidad que garantiza nuestra \u00e9tica como valor principal. <\/div><\/div><\/div><\/div>[\/vc_column][vc_column width=\u00bb1\/2&#8243; css=\u00bb.vc_custom_1557676275498{margin-bottom: 30px !important;}\u00bb offset=\u00bbvc_col-lg-3&#8243;]<div class=\"stronghold-info-icon-wrapper\"><div class=\"stronghold-info-icon\"><i class=\"icon ion-trophy\" style=\"font-size:50px; color:#f9b21a;\"><\/i><\/div><div class=\"stronghold-info-icon-content\" style=\"padding-top: 15px;\"><div class=\"stronghold-info-icon-title\"><h4 style=\"font-size:18px;\">Profesionalismo<\/h4><\/div><div class=\"stronghold-info-icon-desc\" style=\"text-align: center;\"><div style=\"\">Trabajamos en resolver las necesidades de nuestros clientes con la debida seriedad y profesionalismo que nos caracteriza en cada una de nuestras soluciones. <\/div><\/div><\/div><\/div>[\/vc_column][vc_column width=\u00bb1\/2&#8243; css=\u00bb.vc_custom_1557676583516{margin-bottom: 30px !important;}\u00bb offset=\u00bbvc_col-lg-3&#8243;]<div class=\"stronghold-info-icon-wrapper\"><div class=\"stronghold-info-icon\"><i class=\"icon ion-android-alarm-clock\" style=\"font-size:50px; color:#f9b21a;\"><\/i><\/div><div class=\"stronghold-info-icon-content\" style=\"padding-top: 15px;\"><div class=\"stronghold-info-icon-title\"><h4 style=\"font-size:18px;\">Cumplimiento<\/h4><\/div><div class=\"stronghold-info-icon-desc\" style=\"text-align: center;\"><div style=\"\">Cumplimos a cabalidad con los tiempos de entrega pactado al momento de comprometernos con un trabajo. <\/div><\/div><\/div><\/div>[\/vc_column][vc_column width=\u00bb1\/2&#8243; css=\u00bb.vc_custom_1557676578601{margin-bottom: 30px !important;}\u00bb offset=\u00bbvc_col-lg-3&#8243;]<div class=\"stronghold-info-icon-wrapper\"><div class=\"stronghold-info-icon\"><i class=\"icon ion-ribbon-b\" style=\"font-size:50px; color:#f9b21a;\"><\/i><\/div><div class=\"stronghold-info-icon-content\" style=\"padding-top: 15px;\"><div class=\"stronghold-info-icon-title\"><h4 style=\"font-size:18px;\">Garant\u00eda<\/h4><\/div><div class=\"stronghold-info-icon-desc\" style=\"text-align: center;\"><div style=\"\">La garant\u00eda del producto se plasma con la innovaci\u00f3n y tecnolog\u00eda que se emplea para desarrollar cada soluci\u00f3n. <\/div><\/div><\/div><\/div>[\/vc_column][\/vc_row][vc_row full_width=\u00bbstretch_row\u00bb bg_style=\u00bbbg_fixed_parallax\u00bb row_bg_image=\u00bb476&#8243; row_bg_overlay=\u00bb#f9b21a\u00bb css=\u00bb.vc_custom_1595477466813{margin-top: 50px !important;margin-bottom: 90px !important;padding-top: 50px !important;padding-bottom: 50px !important;}\u00bb][vc_column width=\u00bb1\/4&#8243; css=\u00bb.vc_custom_1598284579866{padding-top: 0px !important;}\u00bb][vc_empty_space height=\u00bb10px\u00bb][vc_hoverbox image=\u00bb1202&#8243; primary_title=\u00bb\u00bb hover_title=\u00bb\u00bb hover_btn_title=\u00bbContactar\u00bb hover_btn_color=\u00bbwarning\u00bb css_animation=\u00bbfadeInLeft\u00bb hover_add_button=\u00bbtrue\u00bb hover_btn_link=\u00bburl:http%3A%2F%2Fwww.smelektronik.com.ec%2Fwww%2Findex.php%2Fcontact-1%2F|title:Contactar||\u00bb]<\/p>\n<h4 style=\"height: 150px;\">Piramide de desinfeccion UVC<\/h4>\n<p>[\/vc_hoverbox][\/vc_column][vc_column width=\u00bb1\/4&#8243; css=\u00bb.vc_custom_1598284601710{padding-top: 10px !important;}\u00bb][vc_hoverbox image=\u00bb1203&#8243; primary_title=\u00bb\u00bb hover_title=\u00bb\u00bb hover_btn_title=\u00bbContactar\u00bb hover_btn_color=\u00bbwarning\u00bb css_animation=\u00bbfadeInLeft\u00bb hover_add_button=\u00bbtrue\u00bb hover_btn_link=\u00bburl:http%3A%2F%2Fwww.smelektronik.com.ec%2Fwww%2Findex.php%2Fcontact-1%2F|title:Contactar||\u00bb]<\/p>\n<h4 style=\"height: 150px;\">Cabina de desinfeccion UVC<\/h4>\n<p>[\/vc_hoverbox][vc_hoverbox image=\u00bb1158&#8243; primary_title=\u00bb\u00bb hover_title=\u00bb\u00bb hover_btn_title=\u00bbContactar\u00bb hover_btn_color=\u00bbwarning\u00bb css_animation=\u00bbfadeInLeft\u00bb hover_add_button=\u00bbtrue\u00bb hover_btn_link=\u00bburl:http%3A%2F%2Fwww.smelektronik.com.ec%2Fwww%2Findex.php%2Fcontact-1%2F|title:Contactar||\u00bb]<\/p>\n<h4 style=\"height: 150px;\">Hidraulic Ironworker (prensa multiprop\u00f3sito de 90 toneladas)<\/h4>\n<p>[\/vc_hoverbox][\/vc_column][vc_column width=\u00bb1\/4&#8243; css=\u00bb.vc_custom_1598284640479{padding-top: 10px !important;}\u00bb][vc_hoverbox image=\u00bb1157&#8243; primary_title=\u00bb\u00bb hover_title=\u00bb\u00bb hover_btn_title=\u00bbContactar\u00bb hover_btn_color=\u00bbwarning\u00bb css_animation=\u00bbfadeInLeft\u00bb hover_add_button=\u00bbtrue\u00bb hover_btn_link=\u00bburl:http%3A%2F%2Fwww.smelektronik.com.ec%2Fwww%2Findex.php%2Fcontact-1%2F|title:Contactar||\u00bb]<\/p>\n<h4 style=\"height: 150px;\">Wifi module Switch $10<\/h4>\n<p>[\/vc_hoverbox][\/vc_column][vc_column width=\u00bb1\/4&#8243; css=\u00bb.vc_custom_1598284649096{padding-top: 10px !important;}\u00bb][vc_hoverbox image=\u00bb1159&#8243; primary_title=\u00bb\u00bb hover_title=\u00bb\u00bb hover_btn_title=\u00bbContactar\u00bb hover_btn_color=\u00bbwarning\u00bb css_animation=\u00bbfadeInLeft\u00bb hover_add_button=\u00bbtrue\u00bb hover_btn_link=\u00bburl:http%3A%2F%2Fwww.smelektronik.com.ec%2Fwww%2Findex.php%2Fcontact-1%2F|title:Contactar||\u00bb]<\/p>\n<h4 style=\"height: 150px;\">Pulsioximetros $25<\/h4>\n<p>[\/vc_hoverbox][\/vc_column][\/vc_row][vc_row][vc_column][vc_row_inner][vc_column_inner]<div class=\"stronghold-heading\"><h4 style=\" font-size:28px; text-align: center;\">Nuestras Soluciones<\/h4><span class=\"heading-subtitle\" style=\"margin-bottom: 10px;; display:block;  text-align: center;\">Ponemos a su disposici\u00f3n nuestra amplia gama de soluciones<\/span><span style=\" margin: 0 auto;background:#f9b21a;\" class=\"heading-separator\"><\/span><\/div>[vc_empty_space]<div class=\"stronghold-services-wrapper\"><div class=\"row\"><div class=\"col-md-3 service-block-block-item\"><div class=\"service-block\"><div class=\"service-block-img\"><a rel=\"external\" href=\"https:\/\/www.smelektronik.com.ec\/www\/index.php\/service\/manufactura-electronica\/ \"><div class=\"hover-overlay\"><i class=\"item-overlay-icon fa fa-link\"><\/i><\/div><img decoding=\"async\" src=\"https:\/\/www.smelektronik.com.ec\/www\/wp-content\/uploads\/2016\/05\/circuito-impreso-1-370x260.jpg\" alt=\"Service Image\"> <\/a><a rel=\"external\" href=\"https:\/\/www.smelektronik.com.ec\/www\/index.php\/service\/manufactura-electronica\/\"><\/a><\/div><div class=\"service-main-detail\"><h5 class=\"service-main-name\"><a href=\"https:\/\/www.smelektronik.com.ec\/www\/index.php\/service\/manufactura-electronica\/\">1. Manufactura Electr\u00f3nica<\/a><\/h5><div class=\"service-desc\">Nuestro rol principal son las soluciones de manufactura electr\u00f3nica, desarrollando circuitos impresos electr\u00f3nicos en simple lado, doble lado y placas Multilayer de hasta 32 capas, creando y dise\u00f1ando circuitos electr\u00f3nicos seg\u00fan el requerimiento de cada cliente.<\/div><div class=\"service-read-more\"><a class=\"read-more-btn\" href=\"https:\/\/www.smelektronik.com.ec\/www\/index.php\/service\/manufactura-electronica\/\">leer m\u00e1s<\/a> <\/div><\/div> <\/div><\/div><div class=\"col-md-3 service-block-block-item\"><div class=\"service-block\"><div class=\"service-block-img\"><a rel=\"external\" href=\"https:\/\/www.smelektronik.com.ec\/www\/index.php\/service\/soluciones-laser\/ \"><div class=\"hover-overlay\"><i class=\"item-overlay-icon fa fa-link\"><\/i><\/div><img decoding=\"async\" src=\"https:\/\/www.smelektronik.com.ec\/www\/wp-content\/uploads\/2016\/05\/servicio-laser-370x260.jpg\" alt=\"Service Image\"> <\/a><a rel=\"external\" href=\"https:\/\/www.smelektronik.com.ec\/www\/index.php\/service\/soluciones-laser\/\"><\/a><\/div><div class=\"service-main-detail\"><h5 class=\"service-main-name\"><a href=\"https:\/\/www.smelektronik.com.ec\/www\/index.php\/service\/soluciones-laser\/\">2. Soluciones L\u00e1ser<\/a><\/h5><div class=\"service-desc\">Esta soluci\u00f3n permite cortar, soldar y grabar en materiales met\u00e1licos y no met\u00e1licos, con la finalidad de crear y personalizar todo tipo de objetos.<\/div><div class=\"service-read-more\"><a class=\"read-more-btn\" href=\"https:\/\/www.smelektronik.com.ec\/www\/index.php\/service\/soluciones-laser\/\">leer m\u00e1s<\/a> <\/div><\/div> <\/div><\/div><div class=\"col-md-3 service-block-block-item\"><div class=\"service-block\"><div class=\"service-block-img\"><a rel=\"external\" href=\"https:\/\/www.smelektronik.com.ec\/www\/index.php\/service\/soluciones-de-desinfeccion\/ \"><div class=\"hover-overlay\"><i class=\"item-overlay-icon fa fa-link\"><\/i><\/div><img decoding=\"async\" src=\"https:\/\/www.smelektronik.com.ec\/www\/wp-content\/uploads\/2020\/07\/WhatsApp-Image-2020-07-18-at-20.18.53-370x260.jpeg\" alt=\"Service Image\"> <\/a><a rel=\"external\" href=\"https:\/\/www.smelektronik.com.ec\/www\/index.php\/service\/soluciones-de-desinfeccion\/\"><\/a><\/div><div class=\"service-main-detail\"><h5 class=\"service-main-name\"><a href=\"https:\/\/www.smelektronik.com.ec\/www\/index.php\/service\/soluciones-de-desinfeccion\/\">3. Soluciones de Desinfecci\u00f3n<\/a><\/h5><div class=\"service-desc\">Basada en luz UVC de 270 Nms, esta energ\u00eda lum\u00ednica tiene el poder de eliminar pat\u00f3gernos, virus y bacterias, que se encuentran en las superficies expuestas, como en prendas de vestir, sin afectar piel y ojos; reduciendo el riesgo de contagios<\/div><div class=\"service-read-more\"><a class=\"read-more-btn\" href=\"https:\/\/www.smelektronik.com.ec\/www\/index.php\/service\/soluciones-de-desinfeccion\/\">leer m\u00e1s<\/a> <\/div><\/div> <\/div><\/div><div class=\"col-md-3 service-block-block-item\"><div class=\"service-block\"><div class=\"service-block-img\"><a rel=\"external\" href=\"https:\/\/www.smelektronik.com.ec\/www\/index.php\/service\/importacion-maquinaria\/ \"><div class=\"hover-overlay\"><i class=\"item-overlay-icon fa fa-link\"><\/i><\/div><img decoding=\"async\" src=\"https:\/\/www.smelektronik.com.ec\/www\/wp-content\/uploads\/2020\/07\/MAQUINARIA-1-370x260.jpg\" alt=\"Service Image\"> <\/a><a rel=\"external\" href=\"https:\/\/www.smelektronik.com.ec\/www\/index.php\/service\/importacion-maquinaria\/\"><\/a><\/div><div class=\"service-main-detail\"><h5 class=\"service-main-name\"><a href=\"https:\/\/www.smelektronik.com.ec\/www\/index.php\/service\/importacion-maquinaria\/\">4. Importaci\u00f3n Maquinaria<\/a><\/h5><div class=\"service-desc\">Nuestro servicio de importaci\u00f3n se basa en el estudio del producto, las necesidades y requerimientos del cliente, obteniendo los mejores resultados para nuestros beneficiarios.<\/div><div class=\"service-read-more\"><a class=\"read-more-btn\" href=\"https:\/\/www.smelektronik.com.ec\/www\/index.php\/service\/importacion-maquinaria\/\">leer m\u00e1s<\/a> <\/div><\/div> <\/div><\/div><\/div><\/div> [\/vc_column_inner][\/vc_row_inner][\/vc_column][\/vc_row][vc_row css=\u00bb.vc_custom_1465176859436{margin-top: 80px !important;margin-bottom: 50px !important;}\u00bb][vc_column]<div class=\"stronghold-heading\"><h4 style=\" text-align: center;\">Noticias \/ Eventos<\/h4><span style=\" margin: 0 auto;background:#f9b21a;\" class=\"heading-separator\"><\/span><\/div><div class=\"stronghold-blog-grid-items\"><div class=\"row\"><div class=\"stronghold-blog-grid-item col-md-4\"><div class=\"blog-index-featured\"><a href=\"https:\/\/www.smelektronik.com.ec\/www\/index.php\/2021\/01\/17\/uvc\/\"><img loading=\"lazy\" decoding=\"async\" width=\"450\" height=\"400\" src=\"https:\/\/www.smelektronik.com.ec\/www\/wp-content\/uploads\/2021\/01\/uvc01-450x400.jpg\" class=\"attachment-tech-life-carousel-thumb size-tech-life-carousel-thumb wp-post-image\" alt=\"\" \/><span class=\"blog-featured-img-overlay\"><\/span><\/a><div class=\"blog-date-overlay\"><span class=\"blog-overlay-day\">17th<\/span> <span class=\"blog-overlay-month\">Ene<\/span> <\/div><\/div><div class=\"stronghold-blog-info\"><h5><a href=\"https:\/\/www.smelektronik.com.ec\/www\/index.php\/2021\/01\/17\/uvc\/\">Entrevista Radio Impacto 2<\/a><\/h5><p class=\"\">[vc_row][vc_column][vc_column_text] Emprendimiento en medio de la pandemia. SMElektronik es una empresa que ha desarrollado con exito centenares de soluciones electr\u00f3nicas y ahora, hace un importante aporte a la bioseguridad. SMElektronik ha desarrollado soluciones de desinfecci\u00f3n a bajo costo y con excelentes resultados, desarrollado bajo estrictas normas y cumpliendo con los mas altos est\u00e1ndares de seguridad [&hellip;] <\/p><\/div><\/div><div class=\"stronghold-blog-grid-item col-md-4\"><div class=\"blog-index-featured\"><a href=\"https:\/\/www.smelektronik.com.ec\/www\/index.php\/2020\/09\/10\/sistema-de-desinfeccion-uvc-en-transporte-publico\/\"><img loading=\"lazy\" decoding=\"async\" width=\"450\" height=\"400\" src=\"https:\/\/www.smelektronik.com.ec\/www\/wp-content\/uploads\/2020\/09\/WhatsApp-Image-2020-09-26-at-16.52.36-450x400.jpeg\" class=\"attachment-tech-life-carousel-thumb size-tech-life-carousel-thumb wp-post-image\" alt=\"\" \/><span class=\"blog-featured-img-overlay\"><\/span><\/a><div class=\"blog-date-overlay\"><span class=\"blog-overlay-day\">10th<\/span> <span class=\"blog-overlay-month\">Sep<\/span> <\/div><\/div><div class=\"stronghold-blog-info\"><h5><a href=\"https:\/\/www.smelektronik.com.ec\/www\/index.php\/2020\/09\/10\/sistema-de-desinfeccion-uvc-en-transporte-publico\/\">Sistema de Desinfecci\u00f3n UVC en transporte p\u00fablico<\/a><\/h5><p class=\"\">[vc_row][vc_column][vc_column_text]En la ciudad de Cuenca se colocaron los primeros sistemas de desinfecci\u00f3n UVC en transporte p\u00fablico. Los usuarios podr\u00e1n movilizarse con mayor seguridad y tranquilidad, ya que es un sistema de desinfecci\u00f3n continua. Este sistema basado en luz UVC de 270 nan\u00f3metros, permite que la energ\u00eda lum\u00ednica elimine pat\u00f3gernos, virus y bacterias, que se encuentran [&hellip;] <\/p><\/div><\/div><div class=\"stronghold-blog-grid-item col-md-4\"><div class=\"blog-index-featured\"><a href=\"https:\/\/www.smelektronik.com.ec\/www\/index.php\/2020\/08\/04\/entrevista-unsion-tv\/\"><img loading=\"lazy\" decoding=\"async\" width=\"450\" height=\"400\" src=\"https:\/\/www.smelektronik.com.ec\/www\/wp-content\/uploads\/2020\/08\/unsion-450x400.jpg\" class=\"attachment-tech-life-carousel-thumb size-tech-life-carousel-thumb wp-post-image\" alt=\"\" \/><span class=\"blog-featured-img-overlay\"><\/span><\/a><div class=\"blog-date-overlay\"><span class=\"blog-overlay-day\">04th<\/span> <span class=\"blog-overlay-month\">Ago<\/span> <\/div><\/div><div class=\"stronghold-blog-info\"><h5><a href=\"https:\/\/www.smelektronik.com.ec\/www\/index.php\/2020\/08\/04\/entrevista-unsion-tv\/\">Entrevista Unsi\u00f3n TV<\/a><\/h5><p class=\"\">[vc_row][vc_column][vc_column_text] Emprendimiento en medio de la pandemia. SMElektronik es una empresa que ha desarrollado con exito centenares de soluciones electr\u00f3nicas y ahora, hace un importante aporte a la bioseguridad. SMElektronik ha desarrollado soluciones de desinfecci\u00f3n a bajo costo y con excelentes resultados, desarrollado bajo estrictas normas y cumpliendo con los mas altos est\u00e1ndares de seguridad [&hellip;] <\/p><\/div><\/div><\/div><div class=\"row\"><\/div><\/div>[\/vc_column][\/vc_row][vc_row full_width=\u00bbstretch_row\u00bb css=\u00bb.vc_custom_1595479121236{padding-top: 10px !important;padding-bottom: 10px !important;background-color: #f9b21a !important;}\u00bb][vc_column css=\u00bb.vc_custom_1464498769023{padding-top: 0px !important;}\u00bb]<div class=\"stronghold-call-to-action-wrapper\"><div class=\"call-text-wrapper\"><div class=\"call-title\"><h4 style=\"font-size:20px; color:#ffffff;\">Buscas desarrollar tu proyecto ? <\/h4><\/div><\/div><div class=\"call-link\"><a class=\"btn\" href=\"#\" style=\"font-size:14px;color:#ffffff; border: 2px solid #ffffff;\" data-color=\"#ffffff\">Leer m\u00e1s<\/a><\/div><\/div><div class=\"quote-form-wrapper remodal\" data-remodal-id=\"quick-quote\" data-remodal-options=\"hashTracking: false\"><div class=\"container\"><button data-remodal-action=\"close\" class=\"remodal-close\"><\/button><h3 class=\"quote-form-title\">Ingrese sus datos para solicitar una cotizaci\u00f3n<\/h3><div class=\"quote-form\"><div role=\"form\" class=\"wpcf7\" id=\"wpcf7-f571-o1\" lang=\"en-US\" dir=\"ltr\">\n<div class=\"screen-reader-response\" role=\"alert\" aria-live=\"polite\"><\/div>\n<form action=\"\/www\/index.php\/wp-json\/wp\/v2\/pages\/160#wpcf7-f571-o1\" method=\"post\" class=\"wpcf7-form init\" enctype=\"multipart\/form-data\" novalidate=\"novalidate\">\n<div style=\"display: none;\">\n<input type=\"hidden\" name=\"_wpcf7\" value=\"571\" \/>\n<input type=\"hidden\" name=\"_wpcf7_version\" value=\"5.2\" \/>\n<input type=\"hidden\" name=\"_wpcf7_locale\" value=\"en_US\" \/>\n<input type=\"hidden\" name=\"_wpcf7_unit_tag\" value=\"wpcf7-f571-o1\" \/>\n<input type=\"hidden\" name=\"_wpcf7_container_post\" value=\"0\" \/>\n<input type=\"hidden\" name=\"_wpcf7_posted_data_hash\" value=\"\" \/>\n<\/div>\n<div class=\"input-group\">\n<span class=\"wpcf7-form-control-wrap your-name\"><input type=\"text\" name=\"your-name\" value=\"\" size=\"40\" class=\"wpcf7-form-control wpcf7-text wpcf7-validates-as-required\" aria-required=\"true\" aria-invalid=\"false\" placeholder=\"Nombre*\" \/><\/span><br \/>\n<span><i class=\"input-icon fa fa-user-o\"><\/i><\/span>\n<\/div>\n<div class=\"input-group\">\n<span class=\"wpcf7-form-control-wrap your-email\"><input type=\"email\" name=\"your-email\" value=\"\" size=\"40\" class=\"wpcf7-form-control wpcf7-text wpcf7-email wpcf7-validates-as-required wpcf7-validates-as-email\" aria-required=\"true\" aria-invalid=\"false\" placeholder=\"Email*\" \/><\/span><br \/>\n<span><i class=\"input-icon fa fa-envelope-o\"><\/i><\/span>\n<\/div>\n<div class=\"input-group\">\n<span class=\"wpcf7-form-control-wrap your-phone\"><input type=\"text\" name=\"your-phone\" value=\"\" size=\"40\" class=\"wpcf7-form-control wpcf7-text wpcf7-validates-as-required\" aria-required=\"true\" aria-invalid=\"false\" placeholder=\"Telefono*\" \/><\/span><br \/>\n<span><i class=\"input-icon fa fa-phone\"><\/i><\/span>\n<\/div>\n<div class=\"input-group\">\n<span class=\"wpcf7-form-control-wrap file-406\"><input type=\"file\" name=\"file-406\" size=\"40\" class=\"wpcf7-form-control wpcf7-file\" accept=\".xls,.sxls\" aria-invalid=\"false\" \/><\/span><br \/>\n<span><i class=\"input-icon fa fa-file\"><\/i><\/span>\n<\/div>\n<p><span class=\"wpcf7-form-control-wrap your-message\"><textarea name=\"your-message\" cols=\"40\" rows=\"10\" class=\"wpcf7-form-control wpcf7-textarea wpcf7-validates-as-required\" aria-required=\"true\" aria-invalid=\"false\" placeholder=\"Mensaje\"><\/textarea><\/span> <\/p>\n<p><input type=\"submit\" value=\"Enviar\" class=\"wpcf7-form-control wpcf7-submit\" \/><\/p>\n<div class=\"wpcf7-response-output\" role=\"alert\" aria-hidden=\"true\"><\/div><\/form><\/div> <\/div><\/div><\/div>[\/vc_column][\/vc_row]<\/p>\n","protected":false},"excerpt":{"rendered":"<p>[vc_row][vc_column][rev_slider_vc alias=\u00bbhome\u00bb][vc_empty_space height=\u00bb40px\u00bb][\/vc_column][\/vc_row][vc_row css=\u00bb.vc_custom_1557677028441{padding-top: 70px !important;padding-bottom: 10px !important;}\u00bb][vc_column width=\u00bb1\/2&#8243; css=\u00bb.vc_custom_1557676261668{margin-bottom: 30px !important;}\u00bb offset=\u00bbvc_col-lg-3&#8243;][\/vc_column][vc_column width=\u00bb1\/2&#8243; css=\u00bb.vc_custom_1557676275498{margin-bottom: 30px !important;}\u00bb offset=\u00bbvc_col-lg-3&#8243;][\/vc_column][vc_column width=\u00bb1\/2&#8243; css=\u00bb.vc_custom_1557676583516{margin-bottom: 30px !important;}\u00bb offset=\u00bbvc_col-lg-3&#8243;][\/vc_column][vc_column width=\u00bb1\/2&#8243; css=\u00bb.vc_custom_1557676578601{margin-bottom: 30px !important;}\u00bb offset=\u00bbvc_col-lg-3&#8243;][\/vc_column][\/vc_row][vc_row full_width=\u00bbstretch_row\u00bb bg_style=\u00bbbg_fixed_parallax\u00bb row_bg_image=\u00bb476&#8243; row_bg_overlay=\u00bb#f9b21a\u00bb css=\u00bb.vc_custom_1595477466813{margin-top: 50px !important;margin-bottom: 90px !important;padding-top: 50px !important;padding-bottom: 50px !important;}\u00bb][vc_column width=\u00bb1\/4&#8243; css=\u00bb.vc_custom_1598284579866{padding-top: 0px !important;}\u00bb][vc_empty_space height=\u00bb10px\u00bb][vc_hoverbox image=\u00bb1202&#8243; primary_title=\u00bb\u00bb hover_title=\u00bb\u00bb hover_btn_title=\u00bbContactar\u00bb hover_btn_color=\u00bbwarning\u00bb css_animation=\u00bbfadeInLeft\u00bb hover_add_button=\u00bbtrue\u00bb hover_btn_link=\u00bburl:http%3A%2F%2Fwww.smelektronik.com.ec%2Fwww%2Findex.php%2Fcontact-1%2F|title:Contactar||\u00bb] Piramide [&hellip;]<\/p>\n","protected":false},"author":1,"featured_media":0,"parent":0,"menu_order":0,"comment_status":"closed","ping_status":"closed","template":"","meta":{"footnotes":""},"class_list":["post-160","page","type-page","status-publish","hentry"],"_links":{"self":[{"href":"https:\/\/www.smelektronik.com.ec\/www\/index.php\/wp-json\/wp\/v2\/pages\/160","targetHints":{"allow":["GET"]}}],"collection":[{"href":"https:\/\/www.smelektronik.com.ec\/www\/index.php\/wp-json\/wp\/v2\/pages"}],"about":[{"href":"https:\/\/www.smelektronik.com.ec\/www\/index.php\/wp-json\/wp\/v2\/types\/page"}],"author":[{"embeddable":true,"href":"https:\/\/www.smelektronik.com.ec\/www\/index.php\/wp-json\/wp\/v2\/users\/1"}],"replies":[{"embeddable":true,"href":"https:\/\/www.smelektronik.com.ec\/www\/index.php\/wp-json\/wp\/v2\/comments?post=160"}],"version-history":[{"count":48,"href":"https:\/\/www.smelektronik.com.ec\/www\/index.php\/wp-json\/wp\/v2\/pages\/160\/revisions"}],"predecessor-version":[{"id":1212,"href":"https:\/\/www.smelektronik.com.ec\/www\/index.php\/wp-json\/wp\/v2\/pages\/160\/revisions\/1212"}],"wp:attachment":[{"href":"https:\/\/www.smelektronik.com.ec\/www\/index.php\/wp-json\/wp\/v2\/media?parent=160"}],"curies":[{"name":"wp","href":"https:\/\/api.w.org\/{rel}","templated":true}]}}